[INFO] fetching crate nrfxlib 0.5.0...
[INFO] building nrfxlib-0.5.0 against master#ff34b919075f35a1787659e9c448a34b06bab8de for issue-85264
[INFO] extracting crate nrfxlib 0.5.0 into /workspace/builds/worker-3/source
[INFO] validating manifest of crates.io crate nrfxlib 0.5.0 on toolchain ff34b919075f35a1787659e9c448a34b06bab8de
[INFO] running `Command { std: "/workspace/cargo-home/bin/cargo" "+ff34b919075f35a1787659e9c448a34b06bab8de" "metadata" "--manifest-path" "Cargo.toml" "--no-deps", kill_on_drop: false }`
[INFO] started tweaking crates.io crate nrfxlib 0.5.0
[INFO] finished tweaking crates.io crate nrfxlib 0.5.0
[INFO] tweaked toml for crates.io crate nrfxlib 0.5.0 written to /workspace/builds/worker-3/source/Cargo.toml
[INFO] running `Command { std: "/workspace/cargo-home/bin/cargo" "+ff34b919075f35a1787659e9c448a34b06bab8de" "generate-lockfile" "--manifest-path" "Cargo.toml" "-Zno-index-update", kill_on_drop: false }`
[INFO] [stderr]     Blocking waiting for file lock on package cache
[INFO] running `Command { std: "/workspace/cargo-home/bin/cargo" "+ff34b919075f35a1787659e9c448a34b06bab8de" "fetch" "--manifest-path" "Cargo.toml", kill_on_drop: false }`
[INFO] [stderr]     Blocking waiting for file lock on package cache
[INFO] [stderr]  Downloading crates ...
[INFO] [stderr]   Downloaded heapless v0.5.6
[INFO] [stderr]   Downloaded nrf9160-pac v0.2.1
[INFO] [stderr]   Downloaded nrfxlib-sys v1.5.1
[INFO] running `Command { std: "docker" "create" "-v" "/var/lib/crater-agent-workspace/builds/worker-3/target:/opt/rustwide/target:rw,Z" "-v" "/var/lib/crater-agent-workspace/builds/worker-3/source:/opt/rustwide/workdir:ro,Z" "-v" "/var/lib/crater-agent-workspace/cargo-home:/opt/rustwide/cargo-home:ro,Z" "-v" "/var/lib/crater-agent-workspace/rustup-home:/opt/rustwide/rustup-home:ro,Z" "-e" "SOURCE_DIR=/opt/rustwide/workdir" "-e" "CARGO_TARGET_DIR=/opt/rustwide/target" "-e" "CARGO_HOME=/opt/rustwide/cargo-home" "-e" "RUSTUP_HOME=/opt/rustwide/rustup-home" "-w" "/opt/rustwide/workdir" "-m" "1610612736" "--user" "0:0" "--network" "none" "ghcr.io/rust-lang/crates-build-env/linux@sha256:20528e8c29e4536546f0102ce88568b16ea7538393a33fcca951030f7af10457" "/opt/rustwide/cargo-home/bin/cargo" "+ff34b919075f35a1787659e9c448a34b06bab8de" "metadata" "--no-deps" "--format-version=1", kill_on_drop: false }`
[INFO] [stderr] WARNING: Your kernel does not support swap limit capabilities or the cgroup is not mounted. Memory limited without swap.
[INFO] [stdout] 3103d8b4046e128628444efebd04777cf44fea7e2fb7175556f5083b6e4e5425
[INFO] running `Command { std: "docker" "start" "-a" "3103d8b4046e128628444efebd04777cf44fea7e2fb7175556f5083b6e4e5425", kill_on_drop: false }`
[INFO] running `Command { std: "docker" "inspect" "3103d8b4046e128628444efebd04777cf44fea7e2fb7175556f5083b6e4e5425", kill_on_drop: false }`
[INFO] running `Command { std: "docker" "rm" "-f" "3103d8b4046e128628444efebd04777cf44fea7e2fb7175556f5083b6e4e5425", kill_on_drop: false }`
[INFO] [stdout] 3103d8b4046e128628444efebd04777cf44fea7e2fb7175556f5083b6e4e5425
[INFO] running `Command { std: "docker" "create" "-v" "/var/lib/crater-agent-workspace/builds/worker-3/target:/opt/rustwide/target:rw,Z" "-v" "/var/lib/crater-agent-workspace/builds/worker-3/source:/opt/rustwide/workdir:ro,Z" "-v" "/var/lib/crater-agent-workspace/cargo-home:/opt/rustwide/cargo-home:ro,Z" "-v" "/var/lib/crater-agent-workspace/rustup-home:/opt/rustwide/rustup-home:ro,Z" "-e" "SOURCE_DIR=/opt/rustwide/workdir" "-e" "CARGO_TARGET_DIR=/opt/rustwide/target" "-e" "CARGO_INCREMENTAL=0" "-e" "RUST_BACKTRACE=full" "-e" "RUSTFLAGS=--cap-lints=forbid" "-e" "CARGO_HOME=/opt/rustwide/cargo-home" "-e" "RUSTUP_HOME=/opt/rustwide/rustup-home" "-w" "/opt/rustwide/workdir" "-m" "1610612736" "--user" "0:0" "--network" "none" "ghcr.io/rust-lang/crates-build-env/linux@sha256:20528e8c29e4536546f0102ce88568b16ea7538393a33fcca951030f7af10457" "/opt/rustwide/cargo-home/bin/cargo" "+ff34b919075f35a1787659e9c448a34b06bab8de" "build" "--frozen" "--message-format=json", kill_on_drop: false }`
[INFO] [stdout] 1e51d33219dd03c0333fd0333f432eedf1da62c01f02d1ef5ac598349f521889
[INFO] [stderr] WARNING: Your kernel does not support swap limit capabilities or the cgroup is not mounted. Memory limited without swap.
[INFO] running `Command { std: "docker" "start" "-a" "1e51d33219dd03c0333fd0333f432eedf1da62c01f02d1ef5ac598349f521889", kill_on_drop: false }`
[INFO] [stderr]    Compiling version_check v0.9.3
[INFO] [stderr]    Compiling libc v0.2.95
[INFO] [stderr]    Compiling memchr v2.4.0
[INFO] [stderr]    Compiling semver-parser v0.7.0
[INFO] [stderr]    Compiling glob v0.3.0
[INFO] [stderr]    Compiling cfg-if v1.0.0
[INFO] [stderr]    Compiling log v0.4.14
[INFO] [stderr]    Compiling bitflags v1.2.1
[INFO] [stderr]    Compiling proc-macro2 v1.0.27
[INFO] [stderr]    Compiling unicode-xid v0.2.2
[INFO] [stderr]    Compiling vec_map v0.8.2
[INFO] [stderr]    Compiling humantime v2.1.0
[INFO] [stderr]    Compiling strsim v0.8.0
[INFO] [stderr]    Compiling ansi_term v0.11.0
[INFO] [stderr]    Compiling termcolor v1.1.2
[INFO] [stderr]    Compiling shlex v0.1.1
[INFO] [stderr]    Compiling lazycell v1.3.0
[INFO] [stderr]    Compiling rustc-hash v1.1.0
[INFO] [stderr]    Compiling peeking_take_while v0.1.2
[INFO] [stderr]    Compiling heapless v0.5.6
[INFO] [stderr]    Compiling nrf9160-pac v0.2.1
[INFO] [stderr]    Compiling byteorder v1.4.3
[INFO] [stderr]    Compiling textwrap v0.11.0
[INFO] [stderr]    Compiling nb v0.1.3
[INFO] [stderr]    Compiling libloading v0.7.0
[INFO] [stderr]    Compiling semver v0.9.0
[INFO] [stderr]    Compiling embedded-hal v0.2.5
[INFO] [stderr]    Compiling generic-array v0.13.3
[INFO] [stderr]    Compiling generic-array v0.12.4
[INFO] [stderr]    Compiling hash32 v0.1.1
[INFO] [stderr]    Compiling generic-array v0.14.4
[INFO] [stderr]    Compiling nom v5.1.2
[INFO] [stderr]    Compiling clang-sys v1.2.0
[INFO] [stderr]    Compiling rustc_version v0.2.3
[INFO] [stderr]    Compiling quote v1.0.9
[INFO] [stderr]    Compiling aho-corasick v0.7.18
[INFO] [stderr]    Compiling atty v0.2.14
[INFO] [stderr]    Compiling which v3.1.1
[INFO] [stderr]    Compiling bindgen v0.56.0
[INFO] [stderr]    Compiling bare-metal v0.2.5
[INFO] [stderr]    Compiling clap v2.33.3
[INFO] [stderr]    Compiling as-slice v0.1.5
[INFO] [stderr]    Compiling cortex-m v0.7.2
[INFO] [stderr]    Compiling regex v1.5.4
[INFO] [stderr]    Compiling aligned v0.3.4
[INFO] [stderr]    Compiling cortex-m v0.6.7
[INFO] [stderr]    Compiling cexpr v0.4.0
[INFO] [stderr]    Compiling env_logger v0.8.3
[INFO] [stderr]    Compiling nrfxlib-sys v1.5.1
[INFO] [stderr]    Compiling nrfxlib v0.5.0 (/opt/rustwide/workdir)
[INFO] [stdout] error[E0425]: cannot find function `bsd_os_application_irq_handler` in crate `sys`
[INFO] [stdout]   --> src/api.rs:54:8
[INFO] [stdout]    |
[INFO] [stdout] 54 |         sys::bsd_os_application_irq_handler();
[INFO] [stdout]    |              ^^^^^^^^^^^^^^^^^^^^^^^^^^^^^^ help: a function with a similar name exists: `nrf_modem_os_application_irq_handler`
[INFO] [stdout]    | 
[INFO] [stdout]   ::: /opt/rustwide/target/debug/build/nrfxlib-sys-d3ef04ce2455407b/out/bindings.rs:3:32382
[INFO] [stdout]    |
[INFO] [stdout] 3  | ...."] pub fn nrf_modem_os_application_irq_handler () ; } extern "C" { # [doc = "  Trace IRQ handler in the modem library."] # [doc = ""]...
[INFO] [stdout]    |        ------------------------------------------------ similarly named function `nrf_modem_os_application_irq_handler` defined here
[INFO] [stdout] 
[INFO] [stdout] 
[INFO] [stdout] error[E0425]: cannot find function `bsd_os_trace_irq_handler` in crate `sys`
[INFO] [stdout]   --> src/api.rs:62:8
[INFO] [stdout]    |
[INFO] [stdout] 62 |         sys::bsd_os_trace_irq_handler();
[INFO] [stdout]    |              ^^^^^^^^^^^^^^^^^^^^^^^^ help: a function with a similar name exists: `nrf_modem_os_trace_irq_handler`
[INFO] [stdout]    | 
[INFO] [stdout]   ::: /opt/rustwide/target/debug/build/nrfxlib-sys-d3ef04ce2455407b/out/bindings.rs:3:32574
[INFO] [stdout]    |
[INFO] [stdout] 3  | ...ce IRQ."] pub fn nrf_modem_os_trace_irq_handler () ; } # [doc = " @defgroup nrf_fd_set_api Descriptor sets API"] # [doc = "  Types and...
[INFO] [stdout]    |              ------------------------------------------ similarly named function `nrf_modem_os_trace_irq_handler` defined here
[INFO] [stdout] 
[INFO] [stdout] 
[INFO] [stdout] error[E0425]: cannot find function `bsd_init` in crate `sys`
[INFO] [stdout]    --> src/lib.rs:138:8
[INFO] [stdout]     |
[INFO] [stdout] 138 |         sys::bsd_init();
[INFO] [stdout]     |              ^^^^^^^^ not found in `sys`
[INFO] [stdout] 
[INFO] [stdout] 
[INFO] [stdout] error[E0425]: cannot find function `bsd_shutdown` in crate `sys`
[INFO] [stdout]    --> src/lib.rs:147:8
[INFO] [stdout]     |
[INFO] [stdout] 147 |         sys::bsd_shutdown();
[INFO] [stdout]     |              ^^^^^^^^^^^^ not found in `sys`
[INFO] [stdout] 
[INFO] [stdout] 
[INFO] [stdout] error[E0560]: struct `nrf_pollfd` has no field named `handle`
[INFO] [stdout]    --> src/raw.rs:437:3
[INFO] [stdout]     |
[INFO] [stdout] 437 |         handle: 0,
[INFO] [stdout]     |         ^^^^^^ `nrf_pollfd` does not have this field
[INFO] [stdout]     |
[INFO] [stdout]     = note: available fields are: `fd`, `events`, `revents`
[INFO] [stdout] 
[INFO] [stdout] 
[INFO] [stdout] error[E0560]: struct `nrf_pollfd` has no field named `requested`
[INFO] [stdout]    --> src/raw.rs:438:3
[INFO] [stdout]     |
[INFO] [stdout] 438 |         requested: 0,
[INFO] [stdout]     |         ^^^^^^^^^ `nrf_pollfd` does not have this field
[INFO] [stdout]     |
[INFO] [stdout]     = note: available fields are: `fd`, `events`, `revents`
[INFO] [stdout] 
[INFO] [stdout] 
[INFO] [stdout] error[E0560]: struct `nrf_pollfd` has no field named `returned`
[INFO] [stdout]    --> src/raw.rs:439:3
[INFO] [stdout]     |
[INFO] [stdout] 439 |         returned: 0,
[INFO] [stdout]     |         ^^^^^^^^ `nrf_pollfd` does not have this field
[INFO] [stdout]     |
[INFO] [stdout]     = note: available fields are: `fd`, `events`, `revents`
[INFO] [stdout] 
[INFO] [stdout] 
[INFO] [stdout] error[E0609]: no field `handle` on type `&mut nrf_pollfd`
[INFO] [stdout]    --> src/raw.rs:443:10
[INFO] [stdout]     |
[INFO] [stdout] 443 |         pollfd.handle = poll_entry.socket.get_fd();
[INFO] [stdout]     |                ^^^^^^ unknown field
[INFO] [stdout]     |
[INFO] [stdout]     = note: available fields are: `fd`, `events`, `revents`
[INFO] [stdout] 
[INFO] [stdout] 
[INFO] [stdout] error[E0609]: no field `requested` on type `&mut nrf_pollfd`
[INFO] [stdout]    --> src/raw.rs:444:10
[INFO] [stdout]     |
[INFO] [stdout] 444 |         pollfd.requested = poll_entry.flags as i16;
[INFO] [stdout]     |                ^^^^^^^^^ unknown field
[INFO] [stdout]     |
[INFO] [stdout]     = note: available fields are: `fd`, `events`, `revents`
[INFO] [stdout] 
[INFO] [stdout] 
[INFO] [stdout] error[E0609]: no field `returned` on type `&nrf_pollfd`
[INFO] [stdout]    --> src/raw.rs:455:43
[INFO] [stdout]     |
[INFO] [stdout] 455 |                 poll_entry.result = PollResult(pollfd.returned as u32);
[INFO] [stdout]     |                                                       ^^^^^^^^ unknown field
[INFO] [stdout]     |
[INFO] [stdout]     = note: available fields are: `fd`, `events`, `revents`
[INFO] [stdout] 
[INFO] [stdout] 
[INFO] [stdout] error: aborting due to 10 previous errors
[INFO] [stdout] 
[INFO] [stdout] 
[INFO] [stdout] Some errors have detailed explanations: E0425, E0560, E0609.
[INFO] [stdout] 
[INFO] [stdout] For more information about an error, try `rustc --explain E0425`.
[INFO] [stdout] 
[INFO] [stderr] error: could not compile `nrfxlib`
[INFO] [stderr] 
[INFO] [stderr] To learn more, run the command again with --verbose.
[INFO] running `Command { std: "docker" "inspect" "1e51d33219dd03c0333fd0333f432eedf1da62c01f02d1ef5ac598349f521889", kill_on_drop: false }`
[INFO] running `Command { std: "docker" "rm" "-f" "1e51d33219dd03c0333fd0333f432eedf1da62c01f02d1ef5ac598349f521889", kill_on_drop: false }`
[INFO] [stdout] 1e51d33219dd03c0333fd0333f432eedf1da62c01f02d1ef5ac598349f521889
